or of 2697 and 4263.
87
Calculate the highest common divisor of 348 and 327352.
116
What is the highest common divisor of 43642 and 4?
2
What is the highest common divisor of 14536 and 2714?
46
What is the greatest common factor of 1299690 and 63?
63
Calculate the greatest common divisor of 176 and 7832.
88
Calculate the highest common factor of 67550 and 28.
14
Calculate the greatest common factor of 210 and 2055375.
105
Calculate the highest common factor of 11 and 71203.
11
Calculate the greatest common factor of 14258 and 4.
2
Calculate the highest common factor of 1890 and 176148.
378
Calculate the highest common factor of 104709 and 418.
209
Calculate the highest common factor of 4 and 1388.
4
Calculate the greatest common divisor of 144 and 285624.
72
Calculate the highest common divisor of 675 and 38070.
135
Calculate the greatest common divisor of 4924934 and 28.
14
Calculate the highest common factor of 2575 and 53045.
515
Calculate the highest common divisor of 3 and 28017.
3
Calculate the greatest common factor of 112 and 641144.
56
What is the highest common divisor of 612 and 1384?
4
Calculate the greatest common divisor of 216 and 6456.
24
Calculate the greatest common divisor of 72 and 236331.
9
What is the greatest common factor of 2565 and 141835?
95
What is the greatest common factor of 4277 and 35672?
91
Calculate the highest common factor of 504 and 13062.
42
Calculate the greatest common divisor of 23424 and 1344.
192
Calculate the greatest common factor of 5 and 45055.
5
Calculate the highest common factor of 432 and 4698.
54
What is the highest common divisor of 12930 and 105?
15
Calculate the greatest common factor of 630 and 34146.
126
What is the greatest common divisor of 378 and 366?
6
Calculate the greatest common factor of 1324 and 222.
2
What is the highest common factor of 394800 and 75?
75
Calculate the greatest common factor of 3432627 and 495.
99
What is the highest common factor of 4186 and 266?
14
Calculate the greatest common factor of 129 and 1198152.
129
What is the greatest common divisor of 611 and 4303?
13
What is the greatest common factor of 1054440 and 2320?
1160
Calculate the greatest common factor of 111006 and 45.
9
What is the greatest common factor of 41919 and 471?
471
What is the highest common divisor of 51 and 25?
1
What is the highest common factor of 28 and 33460?
28
Calculate the highest common divisor of 1485 and 159489.
297
What is the highest common divisor of 1901265 and 5?
5
Calculate the highest common factor of 351 and 24075.
9
What is the highest common divisor of 10282 and 164?
2
Calculate the greatest common divisor of 1029 and 917525.
343
What is the highest common divisor of 810 and 2890?
10
Calculate the greatest common divisor of 1296 and 5274.
18
Calculate the greatest common divisor of 49 and 561960.
7
Calculate the highest common divisor of 2261 and 51323.
17
Calculate the highest common divisor of 220 and 28732.
44
Calculate the greatest common divisor of 932 and 3282038.
466
Calculate the highest common factor of 7644 and 241332.
1092
What is the highest common divisor of 288 and 1424?
16
What is the highest common factor of 15232 and 680064?
896
Calculate the greatest common factor of 42070 and 2030.
70
Calculate the highest common factor of 544 and 97648.
272
What is the greatest common divisor of 4352 and 856?
8
What is the greatest common divisor of 51984 and 608?
304
What is the greatest common divisor of 24544 and 156?
52
What is the highest common divisor of 16283 and 304?
19
What is the highest common divisor of 1611661 and 932?
233
Calculate the highest common factor of 109938 and 1752.
438
Calculate the highest common divisor of 186949 and 119.
119
What is the greatest common factor of 72 and 472?
8
What is the highest common divisor of 92 and 8959995?
23
What is the greatest common divisor of 1533588 and 84?
84
Calculate the greatest common divisor of 41440 and 851.
37
What is the highest common factor of 11744 and 116?
4
Calculate the greatest common factor of 432 and 3537.
27
Calculate the greatest common divisor of 32686 and 831.
277
Calculate the greatest common factor of 31535 and 2385.
265
Calculate the highest common divisor of 76788 and 158.
158
What is the greatest common divisor of 5687 and 42911?
517
Calculate the greatest common factor of 388 and 61498.
194
What is the greatest common factor of 30 and 8355?
15
What is the highest common factor of 393886 and 186?
62
What is the greatest common factor of 42 and 180502?
14
What is the greatest common factor of 390405 and 570?
15
Calculate the greatest common divisor of 507637 and 17.
17
What is the greatest common divisor of 1106 and 1708?
14
Calculate the greatest common factor of 2387 and 78617.
77
Calculate the highest common factor of 15334 and 136.
34
What is the greatest common divisor of 53 and 196577?
53
What is the highest common divisor of 375980 and 220?
220
Calculate the greatest common factor of 226319 and 227.
227
Calculate the highest common factor of 721965 and 25.
5
Calculate the highest common divisor of 603 and 34773.
201
What is the highest common divisor of 420 and 1936140?
60
What is the greatest common factor of 32688 and 72?
72
What is the highest common factor of 39395 and 5?
5
What is the highest common divisor of 78 and 26624?
26
Calculate the greatest common factor of 17320 and 280.
40
Calculate the greatest common divisor of 819 and 1688323.
91
Calculate the highest common factor of 34342 and 1309.
77
What is the highest common divisor of 5364 and 2388?
12
Calculate the greatest common factor of 13 and 8671.
13
Calculate the highest common factor of 28 and 987308.
28
What is the greatest common divisor of 102045 and 120?
15
Calculate the greatest common divisor of 84 and 583764.
12
Calculate the highest common divisor of 1288 and 230.
46
Calculate the highest common divisor of 2640 and 170400.
240
What is the greatest common divisor of 61032 and 96?
24
What is the highest common divisor of 3157 and 9779?
77
Calculate the greatest common divisor of 704 and 5456.
176
What is the greatest common factor of 205 and 11644?
41
What is the greatest common factor of 66 and 189794?
22
Calculate the highest common divisor of 436536 and 21573.
1269
What is the greatest common divisor of 6398 and 213419?
457
What is the greatest common factor of 1053 and 767?
13
Calculate the greatest common divisor of 488 and 34770.
122
Calculate the highest common factor of 28 and 45052.
28
Calculate the greatest common divisor of 1035055 and 350.
35
Calculate the greatest common divisor of 114055 and 45.
5
Calculate the highest common factor of 7128 and 155760.
264
Calculate the highest common divisor of 121 and 20.
1
Calculate the greatest common factor of 36930 and 35.
5
What is the greatest common divisor of 182 and 18694?
26
What is the highest common divisor of 261 and 377?
29
What is the highest common divisor of 825 and 2494250?
275
What is the greatest common divisor of 2812456 and 304?
152
What is the greatest common divisor of 126 and 1343601?
63
Calculate the greatest common factor of 8833 and 195129.
803
Calculate the highest common divisor of 78474 and 1230.
246
What is the greatest common divisor of 40480 and 115?
115
Calculate the highest common divisor of 6336 and 22752.
288
What is the highest common divisor of 135892 and 106?
106
Calculate the highest common factor of 140065 and 1090.
545
Calculate the highest common divisor of 39688 and 6897.
121
Calculate the highest common divisor of 2768 and 4325.
173
Calculate the greatest common divisor of 221 and 403.
13
Calculate the highest common divisor of 6 and 263598.
6
Calculate the greatest common factor of 3244 and 52.
4
Calculate the highest common divisor of 1893148 and 4.
4
What is the greatest common factor of 2139 and 57063?
69
Calculate the highest common divisor of 364 and 55068.
52
What is the greatest common divisor of 8350869 and 174?
87
What is the greatest common divisor of 169513 and 3401?
179
Calculate the highest common factor of 1374 and 154346.
458
Calculate the greatest common divisor of 18 and 76329.
9
What is the highest common divisor of 12126 and 3354?
258
What is the highest common factor of 2520 and 